e remainder when v is divided by 13.
7
Calculate the remainder when 12/5*(-170)/(-2) is divided by 41.
40
Let s(k) = 3*k + 12. Let a be s(-6). What is the remainder when (-640)/(-30) + 2/a is divided by 12?
9
Suppose -34 = -3*o - 3*i + 146, 335 = 5*o - 2*i. Let j = 26 + -9. What is the remainder when o is divided by j?
14
Suppose 0 = -3*j + 2*b + 50, -2*j - 3*b + 7*b = -44. What is the remainder when 122 is divided by j?
10
Suppose k = -0*k + 25. Suppose 0*j - 125 = -3*j - 4*f, -2*f = -5*j + 165. Let g = j - k. What is the remainder when 28 is divided by g?
8
Let w(o) = -49*o. Calculate the remainder when w(-1) is divided by 25.
24
Suppose 5*q + 4*l = -32 + 135, 0 = -2*q - 5*l + 48. Calculate the remainder when q is divided by 3.
1
Let d = -86 + 118. What is the remainder when 126 is divided by d?
30
Let n = -5 + 13. Let h(j) = j**3 - 8*j**2 + 6. Let l be h(n). Calculate the remainder when 25 is divided by 11 + l/(-3) - 0.
7
Let z(a) be the third derivative of a**4/8 + a**3/2 - a**2. Suppose -3*m = -0*m + 2*d - 22, 2*m = -3*d + 13. Calculate the remainder when z(4) is divided by m.
7
Suppose -5*q = -3*i - 1 + 2, -3*i = q - 7. Calculate the remainder when 21 is divided by -1 + 1 - (q - 13).
9
Calculate the remainder when 96 is divided by (-6 - -4)*33/(-2).
30
What is the remainder when 44 + (1 - -2) + -1 is divided by 16?
14
Let t = 65 + -40. Calculate the remainder when t is divided by 8.
1
Let k be (2/1)/((-2)/(-39)). Suppose -3*y + 12 = -k. What is the remainder when 22/(12/(-9) - -2) is divided by y?
16
Let z = 138 + -136. Let t(b) = b**3 + 7*b**2 - 8*b + 6. Let k be t(-8). Let a = k - 1. Calculate the remainder when a is divided by z.
1
Let j(q) = -q**3 + 5*q**2 - 2*q + 6. Suppose -4*n - 5*g = -n - 27, 0 = -n + 2*g - 2. What is the remainder when j(n) is divided by 8?
6
Suppose 4 = 5*s - 6, -5*s + 13 = -3*g. Suppose -5*b + 24 = -2*b. What is the remainder when 13 - (-1 + (-2 - g)) is divided by b?
7
Suppose -k - 17 = -5*b, 0*k + k = b - 5. Suppose b*m = 8*m - 140. Suppose 0 = -0*a - a + 15. What is the remainder when m is divided by a?
13
Let k = 4 + -9. Let q(z) = z**2 + 2*z + 6. What is the remainder when q(k) is divided by (-114)/(-10) + (-14)/35?
10
Let l = -8 + 4. Let s = l + 2. What is the remainder when 37 is divided by (-4)/2*13/s?
11
Let z be 48/9 - 2/6. Suppose y = l - z*l + 23, -69 = -3*y - 4*l. What is the remainder when y is divided by 13?
10
Let y = -29 - -43. What is the remainder when 69 is divided by y?
13
Let x(k) = -k**3 - 10*k**2 - 2*k - 8. Calculate the remainder when x(-10) is divided by 5.
2
Suppose 0 = 3*v - 9 - 57. Suppose 2*f = -4*c + 18, -3*c = -3*f - 12 + 3. What is the remainder when v is divided by c?
2
Suppose 0*z - 17 = n - 5*z, 0 = -z + 4. Let d be n/2*44/(-3). Let a = -8 - d. Calculate the remainder when 40 is divided by a.
12
Let o(k) = k. Let q be o(-2). Let f = 4 - q. What is the remainder when f is divided by 4?
2
What is the remainder when 38 is divided by (-10)/(-4 - -7 - (-14)/(-4))?
18
Let o = 84 - 60. What is the remainder when o is divided by 7?
3
Let a(r) = -r**2 - 3*r - 2. Let o be a(-3). Let n(h) = -15*h + 1. What is the remainder when n(o) is divided by 17?
14
Let f be 4/(-6)*(-21)/1. Let u = -10 + f. What is the remainder when 6 is divided by u?
2
Let t(w) = 25*w**2. Let u be t(-1). Let h = -16 + u. What is the remainder when 26 is divided by h?
8
Let q = -58 + 161. What is the remainder when q is divided by 21?
19
Let x = 10 - 18. Let q = -2 - x. Calculate the remainder when q is divided by 4.
2
Let y(m) = m**3 + 13*m**2 + 13*m + 27. Calculate the remainder when y(-12) is divided by 4.
3
Let p(h) be the third derivative of h**4/2 + h**3/6 + h**2. Calculate the remainder when (-340)/(-14) + 4/(-14) is divided by p(1).
11
Let v be (-2 - -4) + (94 - 0). Suppose 1 - v = -5*j. What is the remainder when j is divided by 11?
8
Let v = 0 + 4. Let z(k) = k. Let q(c) = 2*c**2 - 6*c - 1. Let l(b) = q(b) + 3*z(b). Calculate the remainder when 36 is divided by l(v).
17
Let a(i) = i**2 + 5*i + 7. What is the remainder when 89 is divided by a(-6)?
11
Let y = -9 - -22. Calculate the remainder when 62 is divided by y.
10
Let f(b) = -41*b + 3. Let c be f(-2). Suppose 5*l - 2*d - 85 = 0, -4*l + 3*d + c = -2*d. What is the remainder when l is divided by 4?
3
Suppose 18 = -b - 34. Let t = 77 + b. What is the remainder when 74 is divided by t?
24
Let k(l) = l - 2. Let m(u) = u + 0*u - 3 + 2. Calculate the remainder when m(2) is divided by k(3).
0
Let p be 10/(-3)*-1*3. Suppose 0*g = 5*g - p. Suppose -2*t = g*u - 70, -3*t - u + 128 = t. What is the remainder when t is divided by 11?
9
Suppose -2*i + 26 = 2*g - 4*g, 35 = 5*i + g. Let m(c) = -c**3 - 4 - 4*c**2 + 6 + 1. Calculate the remainder when i is divided by m(-4).
2
Suppose 5*j + 3*n = 4*n - 82, 4*n - 56 = 3*j. Calculate the remainder when (-11 - j)*10/1 is divided by 13.
11
Suppose n + 132 - 6 = 0. Calculate the remainder when n/(-12)*(-2)/(-3) is divided by 3.
1
Let n be 6*2/(-4) - -5. Suppose -2*f + 3 = -5. Suppose 2 = f*r - 3*r, n*l - 28 = -4*r. What is the remainder when 39 is divided by l?
9
Let u be (88/(-12))/((-2)/3). Suppose 4*i - u = 13. Let p = -41 + 57. Calculate the remainder when p is divided by i.
4
Suppose -3*s + s + 4*n + 24 = 0, 3*n + 88 = 5*s. What is the remainder when 39 is divided by s?
19
Let p(k) = k**2 - 3*k - 6. Calculate the remainder when p(-3) is divided by 4.
0
Suppose -2*f - 90 = -7*f. Suppose -2*v + 82 = 14. Calculate the remainder when v is divided by f.
16
Suppose 3*h = -r + 167, h + 5*r = 6*h - 245. Calculate the remainder when h is divided by 11.
10
Suppose 0 = 3*z - 6 - 6. Suppose 10 + 6 = z*k. Suppose -b - 68 = -k*x + 3*b, -39 = -2*x + b. What is the remainder when x is divided by 12?
10
Let x(u) = 12*u - 1. Let s be x(1). Suppose -4*q + 80 = -4*d, -4*d + s = q - 2*d. What is the remainder when q is divided by 5?
2
Let w = 12 + -7. Let n(q) = 11*q + 2. Let i be n(-2). What is the remainder when w is divided by (i/6 - -3)*-6?
1
Suppose -4*a - 20 = -4*x, 3*x - 7 = x + a. Suppose -4*c - x*z = -95 + 29, 4*z = -4*c + 64. What is the remainder when 32 is divided by c?
15
Suppose -5*o + 3 = -u + 29, -4*u - 3*o + 35 = 0. Let m(k) = -24*k - 4. Let s be m(-3). Let t = s - 36. Calculate the remainder when t is divided by u.
10
Let a(y) = -y**3 - y**2 + 68. Calculate the remainder when a(0) is divided by 23.
22
Let l(y) = y**2 + 5*y - 5. What is the remainder when 15 is divided by l(-7)?
6
Let g(h) = h**2 + 8*h + 7. Suppose -n + 0 + 3 = 0. Let j = 7 - n. Calculate the remainder when g(-8) is divided by j.
3
Let x be (-12 - -2)*3/(-6). Suppose 5*q = -0*q - 2*z + 19, 4*z - x = q. Calculate the remainder when 7 is divided by q.
1
Suppose -3*i + 6 = -4*q, -2*i - 2*q - 1 - 9 = 0. What is the remainder when -2 - (i - -2) - -33 is divided by 2*(-3)/18*-33?
9
Suppose -3*c = -3*f - 24, -3*f + 32 = 5*c - 0*f. Let m(w) = 7*w - 3 - 2*w + 0. What is the remainder when m(3) is divided by c?
5
Let f(v) = -v**2 + 5*v + 2. Let h be f(5). Suppose 2*r + h*r - 340 = 0. Suppose -4*o - o = -r. What is the remainder when o is divided by 6?
5
Let p = -2 - -4. Suppose -p*r - 39 = -5*r. Suppose -z - r = -2*o, 0 = -z - 0*z - 1. Calculate the remainder when 10 is divided by o.
4
Suppose -u + 2*p - 4*p = -31, 4*p - 155 = -5*u. Calculate the remainder when u is divided by 17.
14
Suppose 2*w = 3*o + 47, 3*o + 43 = 3*w + 4*o. Suppose 4*k = v + 33, 0*k = -3*k + 5*v + 12. Calculate the remainder when w is divided by k.
7
Suppose s = -0*s + 3*t + 16, -3*s + 4*t = -33. What is the remainder when 13 is divided by s?
6
Suppose -5*j + 435 = -3*y, j = 3*y + 58 + 29. Calculate the remainder when j is divided by 30.
27
Let f(k) = -k**3 + k**2 - k + 2. Let m be f(0). Let u be ((-3)/(-9))/((-3)/(-9)). Calculate the remainder when 16 is divided by (u/m)/((-5)/(-60)).
4
Suppose 2*i = 4*i - 4. Suppose 7*n - 20 = i*n. Calculate the remainder when 14 is divided by n.
2
Let k(b) = -b - 10. Let g be k(0). What is the remainder when (-8)/20 + (-214)/g is divided by 8?
5
Suppose 41*p - 44*p = -12. Suppose -42 = -w - 2*w. Calculate the remainder when w is divided by p.
2
Suppose 3*q - 5*c = 37, -3*c = 4*q - 27 - 3. What is the remainder when q is divided by 4?
1
Suppose -5*g = -4*